{"id":21,"date":"2022-11-04T23:51:01","date_gmt":"2022-11-04T23:51:01","guid":{"rendered":"https:\/\/adelantesailing.ee\/?page_id=21"},"modified":"2022-11-09T04:08:54","modified_gmt":"2022-11-09T04:08:54","slug":"j-boats-eesti","status":"publish","type":"page","link":"https:\/\/j-purjed.ee\/","title":{"rendered":""},"content":{"rendered":"\n<figure class=\"wp-block-image size-full\"><img loading=\"lazy\" decoding=\"async\" width=\"1024\" height=\"683\" src=\"https:\/\/j-purjed.ee\/wp-content\/uploads\/2022\/11\/Matilda-4_Oskar-Linden-1024x683-1.jpeg\" alt=\"\" class=\"wp-image-16\" srcset=\"https:\/\/j-purjed.ee\/wp-content\/uploads\/2022\/11\/Matilda-4_Oskar-Linden-1024x683-1.jpeg 1024w, https:\/\/j-purjed.ee\/wp-content\/uploads\/2022\/11\/Matilda-4_Oskar-Linden-1024x683-1-300x200.jpeg 300w, https:\/\/j-purjed.ee\/wp-content\/uploads\/2022\/11\/Matilda-4_Oskar-Linden-1024x683-1-768x512.jpeg 768w\" sizes=\"auto, (max-width: 1024px) 100vw, 1024px\" \/><\/figure>\n\n\n\n<p><\/p>\n\n\n\n<figure class=\"wp-block-image size-full\"><img loading=\"lazy\" decoding=\"async\" width=\"313\" height=\"176\" src=\"https:\/\/j-purjed.ee\/wp-content\/uploads\/2022\/11\/image.png\" alt=\"\" class=\"wp-image-29\" srcset=\"https:\/\/j-purjed.ee\/wp-content\/uploads\/2022\/11\/image.png 313w, https:\/\/j-purjed.ee\/wp-content\/uploads\/2022\/11\/image-300x169.png 300w\" sizes=\"auto, (max-width: 313px) 100vw, 313px\" \/><\/figure>\n\n\n\n<p>Projekt nr 2014-2020.5.01.22-3141 starditoetuse abil teostati 2022 s\u00fcgisel J-Boats Estonia O\u00dc p\u00f5hivara investeeringuid 15000 euro ulatuses.<\/p>\n\n\n\n<p><\/p>\n\n\n\n<p>Kontakt :: Mati Sepp matisepp@gmail.com telefon +37256495589<\/p>\n","protected":false},"excerpt":{"rendered":"<p>Projekt nr 2014-2020.5.01.22-3141 starditoetuse abil teostati 2022 s\u00fcgisel J-Boats Estonia O\u00dc p\u00f5hivara investeeringuid 15000 euro ulatuses. Kontakt :: Mati Sepp matisepp@gmail.com telefon +37256495589<\/p>\n","protected":false},"author":1,"featured_media":16,"parent":0,"menu_order":0,"comment_status":"closed","ping_status":"closed","template":"","meta":{"footnotes":""},"class_list":["post-21","page","type-page","status-publish","has-post-thumbnail","hentry"],"_links":{"self":[{"href":"https:\/\/j-purjed.ee\/index.php?rest_route=\/wp\/v2\/pages\/21","targetHints":{"allow":["GET"]}}],"collection":[{"href":"https:\/\/j-purjed.ee\/index.php?rest_route=\/wp\/v2\/pages"}],"about":[{"href":"https:\/\/j-purjed.ee\/index.php?rest_route=\/wp\/v2\/types\/page"}],"author":[{"embeddable":true,"href":"https:\/\/j-purjed.ee\/index.php?rest_route=\/wp\/v2\/users\/1"}],"replies":[{"embeddable":true,"href":"https:\/\/j-purjed.ee\/index.php?rest_route=%2Fwp%2Fv2%2Fcomments&post=21"}],"version-history":[{"count":3,"href":"https:\/\/j-purjed.ee\/index.php?rest_route=\/wp\/v2\/pages\/21\/revisions"}],"predecessor-version":[{"id":40,"href":"https:\/\/j-purjed.ee\/index.php?rest_route=\/wp\/v2\/pages\/21\/revisions\/40"}],"wp:featuredmedia":[{"embeddable":true,"href":"https:\/\/j-purjed.ee\/index.php?rest_route=\/wp\/v2\/media\/16"}],"wp:attachment":[{"href":"https:\/\/j-purjed.ee\/index.php?rest_route=%2Fwp%2Fv2%2Fmedia&parent=21"}],"curies":[{"name":"wp","href":"https:\/\/api.w.org\/{rel}","templated":true}]}}